{"id":536,"date":"2021-06-08T08:19:37","date_gmt":"2021-06-08T08:19:37","guid":{"rendered":"https:\/\/feel-good.li\/?page_id=536"},"modified":"2021-10-01T15:26:46","modified_gmt":"2021-10-01T15:26:46","slug":"paartanz-hochzeitstanz","status":"publish","type":"page","link":"https:\/\/feel-good.li\/index.php\/paartanz-hochzeitstanz\/","title":{"rendered":"Paartanz \/ Hochzeitstanz"},"content":{"rendered":"\t\t<div data-elementor-type=\"wp-page\" data-elementor-id=\"536\" class=\"elementor elementor-536\">\n\t\t\t\t\t\t\t\t\t<section class=\"elementor-section elementor-top-section elementor-element elementor-element-22b5a277 elementor-section-boxed elementor-section-height-default elementor-section-height-default\" data-id=\"22b5a277\" data-element_type=\"section\">\n\t\t\t\t\t\t<div class=\"elementor-container elementor-column-gap-default\">\n\t\t\t\t\t<div class=\"elementor-column elementor-col-100 elementor-top-column elementor-element elementor-element-40a41cf4\" data-id=\"40a41cf4\" data-element_type=\"column\">\n\t\t\t<div class=\"elementor-widget-wrap elementor-element-populated\">\n\t\t\t\t\t\t\t\t<section class=\"elementor-section elementor-inner-section elementor-element elementor-element-7aef49f elementor-section-boxed elementor-section-height-default elementor-section-height-default\" data-id=\"7aef49f\" data-element_type=\"section\">\n\t\t\t\t\t\t<div class=\"elementor-container elementor-column-gap-default\">\n\t\t\t\t\t<div class=\"elementor-column elementor-col-50 elementor-inner-column elementor-element elementor-element-25c0f91\" data-id=\"25c0f91\" data-element_type=\"column\">\n\t\t\t<div class=\"elementor-widget-wrap elementor-element-populated\">\n\t\t\t\t\t\t\t\t<div class=\"elementor-element elementor-element-621869f elementor-widget elementor-widget-text-editor\" data-id=\"621869f\" data-element_type=\"widget\" data-widget_type=\"text-editor.default\">\n\t\t\t\t<div class=\"elementor-widget-container\">\n\t\t\t\t\t\t\t<p>Seit meiner Jugend ist Tanzen meine Leidenschaft. Den ersten Tanzkurs besuchte ich mit 12 Jahren und mit 16 Jahren wurde ich Slowenische Meisterin in Standardt\u00e4nzen. Schon damals wusste ich, dass Tanzen ein wichtiger Bestandteil meines Lebens wird.<br \/>Zur Liebe zum Tanz, zur Musik und zu Menschen hat sich bis heute nichts ge\u00e4ndert.<\/p>\n<p>Seit 1983 unterrichte ich Latein- und Standard T\u00e4nze (23 Jahre f\u00fcr den TCL, 11 Jahre f\u00fcr den LOSV und 10 Jahre f\u00fcr die Erwachsenenbildung). Dazu habe ich einige Jahre Standard Turniere getanzt.<br \/>In den letzten 25 Jahren habe ich diverse Aus- und Weiterbildungen absolviert u.A. alle Medaltests in Bronze, Silber und Gold in Standard, Latin und Discofox, Tanzkursleiter-Lehrgang und Jugend und Sport Leiter-Kurs. Ebenso besuchte ich regelm\u00e4ssige Trainings bei renommierten Tanzlehrern aus der Schweiz, \u00d6sterreich, Deutschland und Slowenien.<\/p>\n<p>Weil in den 70-iger Jahren in Liechtenstein f\u00fcr Tanzbegeisterte sehr wenig geboten wurde, habe ich die Initiative ergriffen und zusammen mit Lea M\u00fcller den Grundstein f\u00fcr den Tanzclub Liechtenstein gelegt. Dieser wurde dann im Jahre 1980 gegr\u00fcndet und ich war 20 Jahre als Vorstandsmitglied t\u00e4tig.<\/p>\n<p>Im September 2005 habe ich beschlossen, mich selbst\u00e4ndig zu machen und m\u00f6chte meine Erfahrung und Freude am Tanzen weitergeben.<\/p>\t\t\t\t\t\t<\/div>\n\t\t\t\t<\/div>\n\t\t\t\t\t<\/div>\n\t\t<\/div>\n\t\t\t\t<div class=\"elementor-column elementor-col-50 elementor-inner-column elementor-element elementor-element-a8cdf7e\" data-id=\"a8cdf7e\" data-element_type=\"column\">\n\t\t\t<div class=\"elementor-widget-wrap elementor-element-populated\">\n\t\t\t\t\t\t\t\t<div class=\"elementor-element elementor-element-fe460ca elementor-widget elementor-widget-image\" data-id=\"fe460ca\" data-element_type=\"widget\" data-widget_type=\"image.default\">\n\t\t\t\t<div class=\"elementor-widget-container\">\n\t\t\t\t\t\t\t\t\t\t\t\t<figure class=\"wp-caption\">\n\t\t\t\t\t\t\t\t\t\t<img loading=\"lazy\" decoding=\"async\" width=\"392\" height=\"536\" src=\"https:\/\/feel-good.li\/wp-content\/uploads\/2021\/10\/PHOTO-2021-08-20-09-52-24.jpg\" class=\"attachment-large size-large wp-image-1010\" alt=\"\" srcset=\"https:\/\/feel-good.li\/wp-content\/uploads\/2021\/10\/PHOTO-2021-08-20-09-52-24.jpg 392w, https:\/\/feel-good.li\/wp-content\/uploads\/2021\/10\/PHOTO-2021-08-20-09-52-24-219x300.jpg 219w\" sizes=\"auto, (max-width: 392px) 100vw, 392px\" \/>\t\t\t\t\t\t\t\t\t\t\t<figcaption class=\"widget-image-caption wp-caption-text\">Maria Sigg<\/figcaption>\n\t\t\t\t\t\t\t\t\t\t<\/figure>\n\t\t\t\t\t\t\t\t\t<\/div>\n\t\t\t\t<\/div>\n\t\t\t\t\t<\/div>\n\t\t<\/div>\n\t\t\t\t\t\t\t<\/div>\n\t\t<\/section>\n\t\t\t\t\t<\/div>\n\t\t<\/div>\n\t\t\t\t\t\t\t<\/div>\n\t\t<\/section>\n\t\t\t\t\t\t\t<\/div>\n\t\t","protected":false},"excerpt":{"rendered":"<p>Seit meiner Jugend ist Tanzen meine Leidenschaft. Den ersten Tanzkurs besuchte ich mit 12 Jahren und mit 16 Jahren wurde ich Slowenische Meisterin in Standardt\u00e4nzen. Schon damals wusste ich, dass Tanzen ein wichtiger Bestandteil meines Lebens wird.Zur Liebe zum Tanz, zur Musik und zu Menschen hat sich bis heute nichts ge\u00e4ndert. Seit 1983 unterrichte ich &hellip;<\/p>\n<p class=\"read-more\"> <a class=\"\" href=\"https:\/\/feel-good.li\/index.php\/paartanz-hochzeitstanz\/\"> <span class=\"screen-reader-text\">Paartanz \/ Hochzeitstanz<\/span> Weiterlesen &raquo;<\/a><\/p>\n","protected":false},"author":1,"featured_media":0,"parent":0,"menu_order":0,"comment_status":"closed","ping_status":"closed","template":"","meta":{"site-sidebar-layout":"default","site-content-layout":"default","ast-global-header-display":"","ast-main-header-display":"","ast-hfb-above-header-display":"","ast-hfb-below-header-display":"","ast-hfb-mobile-header-display":"","site-post-title":"","ast-breadcrumbs-content":"","ast-featured-img":"","footer-sml-layout":"","theme-transparent-header-meta":"default","adv-header-id-meta":"","stick-header-meta":"","header-above-stick-meta":"","header-main-stick-meta":"","header-below-stick-meta":"","footnotes":""},"class_list":["post-536","page","type-page","status-publish","hentry"],"_links":{"self":[{"href":"https:\/\/feel-good.li\/index.php\/wp-json\/wp\/v2\/pages\/536","targetHints":{"allow":["GET"]}}],"collection":[{"href":"https:\/\/feel-good.li\/index.php\/wp-json\/wp\/v2\/pages"}],"about":[{"href":"https:\/\/feel-good.li\/index.php\/wp-json\/wp\/v2\/types\/page"}],"author":[{"embeddable":true,"href":"https:\/\/feel-good.li\/index.php\/wp-json\/wp\/v2\/users\/1"}],"replies":[{"embeddable":true,"href":"https:\/\/feel-good.li\/index.php\/wp-json\/wp\/v2\/comments?post=536"}],"version-history":[{"count":10,"href":"https:\/\/feel-good.li\/index.php\/wp-json\/wp\/v2\/pages\/536\/revisions"}],"predecessor-version":[{"id":1016,"href":"https:\/\/feel-good.li\/index.php\/wp-json\/wp\/v2\/pages\/536\/revisions\/1016"}],"wp:attachment":[{"href":"https:\/\/feel-good.li\/index.php\/wp-json\/wp\/v2\/media?parent=536"}],"curies":[{"name":"wp","href":"https:\/\/api.w.org\/{rel}","templated":true}]}}

<div data-elementor-type="wp-page" data-elementor-id="536" class="elementor elementor-536">
									<section class="elementor-section elementor-top-section elementor-element elementor-element-22b5a277 elementor-section-boxed elementor-section-height-default elementor-section-height-default" data-id="22b5a277" data-element_type="section">
						<div class="elementor-container elementor-column-gap-default">
					<div class="elementor-column elementor-col-100 elementor-top-column elementor-element elementor-element-40a41cf4" data-id="40a41cf4" data-element_type="column">
			<div class="elementor-widget-wrap elementor-element-populated">
								<section class="elementor-section elementor-inner-section elementor-element elementor-element-7aef49f elementor-section-boxed elementor-section-height-default elementor-section-height-default" data-id="7aef49f" data-element_type="section">
						<div class="elementor-container elementor-column-gap-default">
					<div class="elementor-column elementor-col-50 elementor-inner-column elementor-element elementor-element-25c0f91" data-id="25c0f91" data-element_type="column">
			<div class="elementor-widget-wrap elementor-element-populated">
								<div class="elementor-element elementor-element-621869f elementor-widget elementor-widget-text-editor" data-id="621869f" data-element_type="widget" data-widget_type="text-editor.default">
				<div class="elementor-widget-container">
							<p>Seit meiner Jugend ist Tanzen meine Leidenschaft. Den ersten Tanzkurs besuchte ich mit 12 Jahren und mit 16 Jahren wurde ich Slowenische Meisterin in Standardtänzen. Schon damals wusste ich, dass Tanzen ein wichtiger Bestandteil meines Lebens wird.<br />Zur Liebe zum Tanz, zur Musik und zu Menschen hat sich bis heute nichts geändert.</p>
<p>Seit 1983 unterrichte ich Latein- und Standard Tänze (23 Jahre für den TCL, 11 Jahre für den LOSV und 10 Jahre für die Erwachsenenbildung). Dazu habe ich einige Jahre Standard Turniere getanzt.<br />In den letzten 25 Jahren habe ich diverse Aus- und Weiterbildungen absolviert u.A. alle Medaltests in Bronze, Silber und Gold in Standard, Latin und Discofox, Tanzkursleiter-Lehrgang und Jugend und Sport Leiter-Kurs. Ebenso besuchte ich regelmässige Trainings bei renommierten Tanzlehrern aus der Schweiz, Österreich, Deutschland und Slowenien.</p>
<p>Weil in den 70-iger Jahren in Liechtenstein für Tanzbegeisterte sehr wenig geboten wurde, habe ich die Initiative ergriffen und zusammen mit Lea Müller den Grundstein für den Tanzclub Liechtenstein gelegt. Dieser wurde dann im Jahre 1980 gegründet und ich war 20 Jahre als Vorstandsmitglied tätig.</p>
<p>Im September 2005 habe ich beschlossen, mich selbständig zu machen und möchte meine Erfahrung und Freude am Tanzen weitergeben.</p>						</div>
				</div>
					</div>
		</div>
				<div class="elementor-column elementor-col-50 elementor-inner-column elementor-element elementor-element-a8cdf7e" data-id="a8cdf7e" data-element_type="column">
			<div class="elementor-widget-wrap elementor-element-populated">
								<div class="elementor-element elementor-element-fe460ca elementor-widget elementor-widget-image" data-id="fe460ca" data-element_type="widget" data-widget_type="image.default">
				<div class="elementor-widget-container">
												<figure class="wp-caption">
										<img loading="lazy" decoding="async" width="392" height="536" src="https://feel-good.li/wp-content/uploads/2021/10/PHOTO-2021-08-20-09-52-24.jpg" class="attachment-large size-large wp-image-1010" alt="" srcset="https://feel-good.li/wp-content/uploads/2021/10/PHOTO-2021-08-20-09-52-24.jpg 392w, https://feel-good.li/wp-content/uploads/2021/10/PHOTO-2021-08-20-09-52-24-219x300.jpg 219w" sizes="auto, (max-width: 392px) 100vw, 392px" />											<figcaption class="widget-image-caption wp-caption-text">Maria Sigg</figcaption>
										</figure>
									</div>
				</div>
					</div>
		</div>
							</div>
		</section>
					</div>
		</div>
							</div>
		</section>
							</div>

<p>Seit meiner Jugend ist Tanzen meine Leidenschaft. Den ersten Tanzkurs besuchte ich mit 12 Jahren und mit 16 Jahren wurde ich Slowenische Meisterin in Standardtänzen. Schon damals wusste ich, dass Tanzen ein wichtiger Bestandteil meines Lebens wird.Zur Liebe zum Tanz, zur Musik und zu Menschen hat sich bis heute nichts geändert. Seit 1983 unterrichte ich &hellip;</p>
<p class="read-more"> <a class="" href="https://feel-good.li/index.php/paartanz-hochzeitstanz/"> <span class="screen-reader-text">Paartanz / Hochzeitstanz</span> Weiterlesen &raquo;</a></p>
